3*16/12*(-9851 + 92).
2, 3, 3253
Suppose 16 = 2*b - 4*q, 12*q = -3*b + 10*q - 8. Suppose 214 = -5*x + c + 565, x - 5*c = 51. Suppose -2*z + x + 11 = b. List the prime factors of z.
41
Let y be (-654)/5*(-55)/33. Suppose -k - 48*j + 44*j + y = 0, -5*k - 3*j + 1107 = 0. List the prime factors of k.
2, 3, 37
Suppose -5*q - 2*o + 16357 = 0, -4*q + q + 9814 = o. Suppose q = 8*w + 111. Suppose 4*p = w + 125. What are the prime factors of p?
2, 5, 13
Suppose -8*k + 5067 = k. What are the prime factors of (-184)/(-23)*k/8?
563
Let z(x) = x**3 - 9*x**2 + 7*x + 7. Let u be z(8). Let g be (2 + u/2)*(-24)/(-9). Suppose -m + g*m - 126 = 0. List the prime factors of m.
2, 3, 7
Let r(k) = -70*k + 0 + 4 + 32856*k**2 - 32857*k**2. List the prime factors of r(-36).
2, 307
Let d = 54376 + -30393. List the prime factors of d.
29, 827
Let h be -2 - 1*(-2 + -2). Let g(s) = -s**3 + s. Let r(l) = 14*l**3 - l**2 - 3*l. Let c(b) = 4*g(b) + r(b). List the prime factors of c(h).
2, 3, 13
Suppose 0 = 8*x + 5*x - 52. Suppose 0*i - 381 = -j + x*i, -5*j + 1860 = -5*i. List the prime factors of j.
3, 41
Let w(c) = c**3 - 7*c**2 + c - 4. Let v be w(7). Suppose -1412*n = -1411*n - 5. Suppose v*t + n = 77. What are the prime factors of t?
2, 3
Let j(t) = 3*t**2 + 3*t + 4. Let w be j(-7). Suppose w = 2*v + z, 11 + 9 = -5*z. List the prime factors of v.
67
Let c = 12406 + 24254. What are the prime factors of c?
2, 3, 5, 13, 47
Let w = 152 - 134. Suppose -2*f + 3*i + 15 = 0, 3*i - w = -5*f + 4*i. Suppose -5*t + 1151 = -4*v, t - f*v + 1158 = 6*t. What are the prime factors of t?
3, 7, 11
Suppose 48*f - 41*f - 504 = 0. Suppose -800 = -4*a + f. What are the prime factors of a?
2, 109
Let h(j) = -6*j + 22. Let w be h(15). Let g = -64 - w. Suppose 0 = -5*u + 2*f, -u - f = -g*f + 13. What are the prime factors of u?
2
Let s be (-1 + -3)*(-13 + 5). Let d be s/(-48) - (-466)/6. Suppose -1 + d = 4*a. What are the prime factors of a?
19
Let b be (-6)/(-4)*1268/(-6). Let w = b + 582. List the prime factors of w.
5, 53
Let d = 4834 - 1510. List the prime factors of d.
2, 3, 277
What are the prime factors of -16 - -6 - 15 - -77982?
11, 19, 373
Let i = -43 - -72. Let u = 63 - i. Suppose -l = -0*l - u. List the prime factors of l.
2, 17
Suppose 456656 = 39*a - 402982. List the prime factors of a.
2, 103, 107
Suppose -a = -0*a + 4. Let i = a - -2. What are the prime factors of (i - -5)/((-2)/(-18))?
3
Let y be (1 - -1)/(14/(-21)). What are the prime factors of y/(-4) + 3142*(-9)/(-24)?
3, 131
Let d(l) = l**3 - 12*l**2 + 10*l + 13. Let h be d(11). Suppose h*y = 6*y + 24. Let k(b) = -10*b - 18. What are the prime factors of k(y)?
2, 3, 7
Let c(x) = 585*x**2 - 165*x - 1302. What are the prime factors of c(-8)?
2, 3, 2081
Let h(k) = 21*k**3 - 44*k + 411. What are the prime factors of h(9)?
2, 3, 1277
Suppose -3*n = 2*n - 12*n. Let x be 0/(4 + n - 3). Suppose b = -x*b + 145. What are the prime factors of b?
5, 29
List the prime factors of (312/45 - (-1)/(-3))*(-14910)/(-14).
3, 11, 71
Suppose 5*t - 1690 = 4*q, -11*q + 7*q = 5*t + 1670. Let a = q + 543. List the prime factors of a.
3, 41
Let d = 1252 + 43. Let n = -569 + d. List the prime factors of n.
2, 3, 11
Let g(u) = u**2 - 20*u - 2. Let q be g(19). Let o be (14/q - (-2504)/3)/1. Suppose -9*f + o = -3*f. What are the prime factors of f?
139
Let j = 81 - 39. Let g be 59 - -18 - (-1 - -1). Let c = g - j. What are the prime factors of c?
5, 7
Let b(t) = 2*t**2 - 21*t + 1. Let v be b(16). Suppose 0 = -3*i + 6*i + 27. Let c = i + v. What are the prime factors of c?
2, 3, 7
Suppose 19*z - 48 = 3*z. List the prime factors of (z + -2 - -890) + 3/3.
2, 223
Suppose 0 = -6*a + 11*a + 385. Let f = 211 + a. Let j = f - 3. List the prime factors of j.
131
Let o = -7303 + 20819. List the prime factors of o.
2, 31, 109
Suppose -9253 - 49520 = -13*l. Suppose 9*t - l = 2535. What are the prime factors of t?
2, 7
Let n(t) = 265*t**2 - 2*t - 2. Let r(w) = w**2 - 2*w - 9. Let g be r(4). Let j be n(g). Suppose -3*y + 182 + j = 0. List the prime factors of y.
149
Suppose -a - 32 = -5*a. Suppose 0*d + 1550 = 31*d. Let n = a + d. What are the prime factors of n?
2, 29
Let s(c) = -13*c**3. Let a be s(-1). Suppose 7 = 4*l - a, 5*l + 759 = 2*g. List the prime factors of g.
2, 7
Let i = -2772 + 4625. List the prime factors of i.
17, 109
Suppose -2*a + 913*i + 8562 = 912*i, a + 5*i = 4303. List the prime factors of a.
4283
Suppose 11*a - 505 = 1805. Suppose -3*u = -3*l - u + 580, l = 4*u + a. What are the prime factors of l?
2, 5, 19
Let u(a) = 5*a**2 - 7*a + 170. Let o be 4/1 + (-42)/(-6). What are the prime factors of u(o)?
2, 349
Suppose 0 = -16*p + 11*p + 20. Let m be ((-2)/(-4))/((-14)/(-4) - p). List the prime factors of 147/(-98)*(1 + 3*m).
3
Suppose i + 530 = 6*i + 5*o, 3*o - 215 = -2*i. Let l be (1/((56/(-8))/35))/((-5)/3). Suppose 3*s + i = v, 2*v - 147 = l*s + 68. What are the prime factors of v?
2, 7
Suppose 73184 = 4*j - 2*n, -4*n = 101*j - 97*j - 73220. What are the prime factors of j?
29, 631
Let t(l) = l**3 - 20*l**2 - 21*l. Let s be t(21). Suppose d - 6 = -s*d. What are the prime factors of d + (-4 - (0 - 3)) + 3?
2
Let t(s) = -645*s - 237. List the prime factors of t(-26).
3, 11, 167
List the prime factors of (1 - 0) + 2464 + (-4 + -2)/1.
2459
Suppose 441*s - 15572865 + 112277 = -275*s. List the prime factors of s.
11, 13, 151
Let j(q) be the first derivative of -13*q**2 + 29*q + 126. Suppose 0*n + 3*h = -n - 13, 4*h = 3*n. What are the prime factors of j(n)?
7, 19
Suppose 4*k - 4*q = 12, 3*q + 19 = 2*k + 12. Suppose -k*u + y + 221 = 0, -4*u - 5*y = -10*y - 445. List the prime factors of u.
2, 5, 11
Let u = 11 - 11. Suppose u*s - 60 = 5*s. List the prime factors of 8/(-6) - 1204/s.
3, 11
Suppose 3*f - 7*f + 11 = 5*o, 0 = 5*f - 5*o - 25. Suppose 2*a - 5*z = -6, 4*z = 2*z + f. List the prime factors of 3/(-33)*a - 1566/(-22).
71
Let u = -37 + 13. Let h be 16/u + (-557)/(-3). Suppose 14*t = 19*t - h. What are the prime factors of t?
37
Suppose 0 = 115*m - 120*m + 25. Suppose 0 = -a + 4, c = -m*a + 128 + 107. List the prime factors of c.
5, 43
Let d be -3 - (24/3 - 0). Let s(m) = -67*m + 192. What are the prime factors of s(d)?
929
Let d = 26714 - 13433. What are the prime factors of d?
3, 19, 233
Suppose -8*x = -3*s - 13*x + 96810, 3*x = -s + 32278. What are the prime factors of s?
2, 5, 1613
Let z be 39/7 - (-1 - 8/(-14)). Let u be 48585/45 - 4/z. Suppose u + 104 = 7*l. List the prime factors of l.
13
Let c(a) = -7*a + 10*a**2 + 3 - 2 + 9 + 0. List the prime factors of c(-7).
3, 61
Suppose -5*y + 286 = a, -7*a - 4*y + 847 = -4*a. Suppose 2959 = 9*b - a. List the prime factors of b.
2, 3, 5
Let p(b) = b**3 - 6*b**2 - 7*b + 3. Let x be p(6). Let o(z) = -3*z**2 + 58*z - 29. Let u be o(19). What are the prime factors of 1/(15/u)*x?
2, 13
Let t(n) = 2179*n - 1107. List the prime factors of t(9).
2, 3, 257
Let i(y) be the third derivative of 61*y**6/60 + y**5/60 - y**4/8 + y**3/3 + 85*y**2. Let a = -1 + 2. What are the prime factors of i(a)?
2, 61
Let w = -176 - -179. Suppose -2268 = -5*t + 4*d, -w*t + 2*d - 918 = -5*t. What are the prime factors of t?
2, 3, 19
Let x = -276 - -468. Let v = x + 217. List the prime factors of v.
409
Let w(p) = 25*p**2 - 2*p + 3. Suppose 434 + 47 = 13*z. Let o = -36 + z. What are the prime factors of w(o)?
2, 13
Let c(u) = u**3 + 3*u**2 - 80*u + 7. List the prime factors of c(18).
41, 131
Let b = -183 - -1185. Let i = -520 + b. List the prime factors of i.
2, 241
Suppose 76*w - 231*w - 44482 = -1544727. List the prime factors of w.
9679
Suppose 4*a - 6 = 2*a. Suppose 2*u + 4 = -4*g - 2*u, -4*g + a*u = 4. List the prime factors of g/((-4 + 1)/147).
7
Let t be (-32)/12 - -2 - (-28)/6. Suppose a - 6 = -5*y, 5*a + t = -5*y - 6. Suppose 5*m = -4*u + 224 + 218, -y*m = -2*u - 184. List the prime factors of m.
2, 3, 5
Suppose 0 = 4*i - 5*l + 3*l + 256, 3*l - 132 = 2*i. Let r = i - -63. Suppose -548 = -3*w - 4*c + 8*c, -5*c - 25 = r. List the prime factors of w.
2, 11
Let a = -112 - -55. Let d = -51 - a. Suppose -4*l - 30 = -d*l. List the prime factors of l.
3, 5
Let b be ((-5)/(-3) - -1)*2277/(-22). Let o(k) = -79*k - 3. Let a be o(5). Let h = b - a. List the prime factors of h.
2, 61
Let j(o) = 14*o - 258. Let t be j(19). Suppose 3724 = -t